{"id":4513,"date":"2022-05-16T22:17:09","date_gmt":"2022-05-16T22:17:09","guid":{"rendered":"https:\/\/www.lugarseguro.pt\/web\/?page_id=4513"},"modified":"2024-07-08T14:34:07","modified_gmt":"2024-07-08T14:34:07","slug":"otimizacao-do-cerebro-e-desempenho-maximo","status":"publish","type":"page","link":"https:\/\/www.lugarseguro.pt\/web\/otimizacao-do-cerebro-e-desempenho-maximo\/","title":{"rendered":"Otimiza\u00e7\u00e3o do C\u00e9rebro e Desempenho M\u00e1ximo"},"content":{"rendered":"<h2>O que \u00e9 otimiza\u00e7\u00e3o cerebral e desempenho m\u00e1ximo?<\/h2>\n<p style=\"color: black; font-family: open sans; font-size: 14pt; line-height: 1.5;\">No ambiente de neg\u00f3cios competitivo de hoje, precisa de todas as vantagens poss\u00edveis para atingir os seus objetivos e levar a sua carreira ou empresa para o pr\u00f3ximo n\u00edvel.<br \/>Se \u00e9 como muitos profissionais, executivos e empreendedores, pode recorrer a coaching de neg\u00f3cios, semin\u00e1rios de sucesso e workshops de gest\u00e3o para descobrir as estrat\u00e9gias que podem lev\u00e1-lo ao topo.<br \/>Mas h\u00e1 uma coisa que praticamente nenhum dos gurus do sucesso mais populares refere no seu trabalho, e \u00e9 a mais importante \u2013 o seu c\u00e9rebro. Se deseja aprimorar a criatividade, melhorar o desempenho, espevitar a mem\u00f3ria, acelerar os tempos de resposta verbal, realizar v\u00e1rias tarefas com mais efici\u00eancia ou ter melhor foco e dire\u00e7\u00e3o, tudo come\u00e7a com o \u00f3rg\u00e3o entre os seus ouvidos.<\/p>\n<h2>Os benef\u00edcios da otimiza\u00e7\u00e3o cerebral<\/h2>\n<p style=\"color: black; font-family: open sans; font-size: 14pt; line-height: 1.5;\">O c\u00e9rebro \u00e9 o seu centro de controle no ambiente de trabalho. \u00c9 o funcionamento momento a momento do seu c\u00e9rebro que \u00e9 respons\u00e1vel pela maneira como pensa, sente, age e interage com os outros.<br \/>Quando o seu c\u00e9rebro est\u00e1 saud\u00e1vel, \u00e9 mais capaz de ser orientado para objetivos, criativo, focado e organizado, bem como de enfrentar situa\u00e7\u00f5es stressantes e ser um bom decisor e um l\u00edder eficaz.<br \/>Quando o seu c\u00e9rebro est\u00e1 com problemas \u2013 por qualquer motivo \u2013 \u00e9 muito mais prov\u00e1vel que tenha problemas, incluindo problemas com planeamento, foco,organiza\u00e7\u00e3o, mem\u00f3ria, stress e relacionamentos.<br \/>Se deseja conseguir uma promo\u00e7\u00e3o, ganhar confian\u00e7a para iniciar o seu pr\u00f3prio neg\u00f3cio ou receber o sal\u00e1rio que merece, precisa otimizar o seu c\u00e9rebro.<\/p>\n<h2>Conhe\u00e7a o seu tipo cerebral<\/h2>\n<p style=\"color: black; font-family: open sans; font-size: 14pt; line-height: 1.5;\">Estudos de imagens cerebrais mostram que nem todos os c\u00e9rebros s\u00e3o iguais. Na verdade, existem 16 tipos diferentes de c\u00e9rebro, de acordo com mais de 200.000 exames cerebrais nas Cl\u00ednicas Amen.<br \/>Cada tipo de c\u00e9rebro tem pontos fortes e fracos \u00fanicos que influenciam o seu desempenho no local de trabalho. Conhecer o seu tipo de c\u00e9rebro pode ajud\u00e1-lo a entender mais sobre como trabalha, atua sob press\u00e3o e interage com os seus supervisores, colegas de trabalho ou funcion\u00e1rios.<br \/>Existem 5 tipos prim\u00e1rios de c\u00e9rebro e, em seguida, 11 tipos cerebrais que s\u00e3o combina\u00e7\u00f5es dos prim\u00e1rios. Voc\u00ea pode aprender mais sobre os 5 tipos prim\u00e1rios de c\u00e9rebro abaixo.<br \/>\n\t\t\t\t\t\t\t\t\t\t\t\t\t\t\t<img decoding=\"async\" width=\"678\" height=\"381\" src=\"https:\/\/www.lugarseguro.pt\/web\/wp-content\/uploads\/2022\/05\/treinar-seu-cerebro.webp\" alt=\"\" loading=\"lazy\" srcset=\"https:\/\/www.lugarseguro.pt\/web\/wp-content\/uploads\/2022\/05\/treinar-seu-cerebro.webp 678w, https:\/\/www.lugarseguro.pt\/web\/wp-content\/uploads\/2022\/05\/treinar-seu-cerebro-600x337.webp 600w, https:\/\/www.lugarseguro.pt\/web\/wp-content\/uploads\/2022\/05\/treinar-seu-cerebro-300x169.webp 300w\" sizes=\"auto, (max-width: 678px) 100vw, 678px\" \/>\t\t\t\t\t\t\t\t\t\t\t\t\t\t\t<\/p>\n<p>\u00a0<\/p>\n<p style=\"color: black; font-family: open sans; font-size: 14pt; line-height: 1.5;\">Um c\u00e9rebro otimizado pode ajud\u00e1-lo a:<\/p>\n<ul>\n<li style=\"color: black; font-family: open sans; font-size: 14pt; line-height: 1.5;\">Conseguir um aumento<\/li>\n<li style=\"color: black; font-family: open sans; font-size: 14pt; line-height: 1.5;\">Conquistar uma promo\u00e7\u00e3o<\/li>\n<li style=\"color: black; font-family: open sans; font-size: 14pt; line-height: 1.5;\">Ganhar confian\u00e7a para come\u00e7ar o seu pr\u00f3prio neg\u00f3cio<\/li>\n<li style=\"color: black; font-family: open sans; font-size: 14pt; line-height: 1.5;\">Ser um chefe melhor<\/li>\n<li style=\"color: black; font-family: open sans; font-size: 14pt; line-height: 1.5;\">Pensar de forma mais criativa<\/li>\n<li style=\"color: black; font-family: open sans; font-size: 14pt; line-height: 1.5;\">Cumprir os seus prazos<\/li>\n<li style=\"color: black; font-family: open sans; font-size: 14pt; line-height: 1.5;\">Assumir riscos mais inteligentes<\/li>\n<li style=\"color: black; font-family: open sans; font-size: 14pt; line-height: 1.5;\">Alcan\u00e7ar todo o seu potencial<\/li>\n<li style=\"color: black; font-family: open sans; font-size: 14pt; line-height: 1.5;\">Dar a si mesmo uma vantagem competitiva<\/li>\n<li style=\"color: black; font-family: open sans; font-size: 14pt; line-height: 1.5;\">Ajud\u00e1-lo a alcan\u00e7ar o sucesso<\/li>\n<\/ul>\n<p>\u00a0<\/p>\n<h2>Porqu\u00ea escolher a clinica Lugar Seguro para otimiza\u00e7\u00e3o cerebral e desempenho m\u00e1ximo?<\/h2>\n<p style=\"color: black; font-size: 14pt; font-family: open sans; line-height: 1.5;\">Na clinica Lugar Seguro, usamos instrumentos de avalia\u00e7\u00e3o da sa\u00fade do seu c\u00e9rebro e identificamos as \u00e1reas que se beneficiariam da otimiza\u00e7\u00e3o.<br \/>Quando se trata de otimizar o seu c\u00e9rebro para o desempenho m\u00e1ximo \u2013 superando as suas fraquezas e construindo os seus pontos fortes naturais \u2013 um tamanho N\u00c3O serve para todos. Desenvolvemos um plano de otimiza\u00e7\u00e3o personalizado com base nos seus padr\u00f5es cerebrais espec\u00edficos.<br \/>\n<br \/>\nNa Cl\u00ednica Lugar Seguro, al\u00e9m da avalia\u00e7\u00e3o do c\u00e9rebro, todos os terapeutas t\u00eam forma\u00e7\u00e3o em psicologia e somos Lideres Mundiais de Hipnose reconhecidos internacionalmente, para o ajudar a ultrapassar esta condi\u00e7\u00e3o de forma mais c\u00e9lere e definitiva.\t\t<\/p>\n<h2>C\u00e9rebros n\u00e3o otimizados funcionam de forma diferente<\/h2>\n<p style=\"color: black; font-family: open sans; font-size: 14pt; line-height: 1.5;\">Imagens do c\u00e9rebro mostram que os transtornos de ansiedade n\u00e3o s\u00e3o uma falha de car\u00e1ter ou fraqueza pessoal. Eles est\u00e3o associados a mudan\u00e7as biol\u00f3gicas no c\u00e9rebro. As imagens de SPECT do c\u00e9rebro mostram que a hiperatividade nos g\u00e2nglios da base \u00e9 comumente vista na ansiedade, mas tamb\u00e9m pode haver outras \u00e1reas com atividade anormal, dependendo de qual dos 7 tipos de ansiedade voc\u00ea tem.<\/p>\n<figure>\n\t\t\t\t\t\t\t\t\t\t<img decoding=\"async\" width=\"300\" height=\"239\" src=\"https:\/\/www.lugarseguro.pt\/web\/wp-content\/uploads\/2022\/05\/Healthy_Brain_Scan_SPECT-768x611-1-300x239.webp\" alt=\"\" loading=\"lazy\" srcset=\"https:\/\/www.lugarseguro.pt\/web\/wp-content\/uploads\/2022\/05\/Healthy_Brain_Scan_SPECT-768x611-1-300x239.webp 300w, https:\/\/www.lugarseguro.pt\/web\/wp-content\/uploads\/2022\/05\/Healthy_Brain_Scan_SPECT-768x611-1-600x477.webp 600w, https:\/\/www.lugarseguro.pt\/web\/wp-content\/uploads\/2022\/05\/Healthy_Brain_Scan_SPECT-768x611-1.webp 768w\" sizes=\"auto, (max-width: 300px) 100vw, 300px\" \/><figcaption>Imagem Saud\u00e1vel do C\u00e9rebro<\/figcaption><\/figure>\n<figure>\n\t\t\t\t\t\t\t\t\t\t<img decoding=\"async\" width=\"300\" height=\"239\" src=\"https:\/\/www.lugarseguro.pt\/web\/wp-content\/uploads\/2022\/05\/10-BrainSpect_conditionsBrain-Optimization-768x611-1-300x239.webp\" alt=\"\" loading=\"lazy\" srcset=\"https:\/\/www.lugarseguro.pt\/web\/wp-content\/uploads\/2022\/05\/10-BrainSpect_conditionsBrain-Optimization-768x611-1-300x239.webp 300w, https:\/\/www.lugarseguro.pt\/web\/wp-content\/uploads\/2022\/05\/10-BrainSpect_conditionsBrain-Optimization-768x611-1-600x477.webp 600w, https:\/\/www.lugarseguro.pt\/web\/wp-content\/uploads\/2022\/05\/10-BrainSpect_conditionsBrain-Optimization-768x611-1.webp 768w\" sizes=\"auto, (max-width: 300px) 100vw, 300px\" \/><figcaption>Imagem cerebral n\u00e3o otimizada<\/figcaption><\/figure>\n<p style=\"color: black; font-family: open sans; font-size: 14pt; line-height: 1.5;\">SPECT (tomografia computadorizada por emiss\u00e3o de f\u00f3ton \u00fanico) \u00e9 um estudo de medicina nuclear que avalia o fluxo sangu\u00edneo e a atividade no c\u00e9rebro. Basicamente, ele mostra tr\u00eas coisas: atividade saud\u00e1vel, pouca atividade ou muita atividade.<br \/>A imagem SPECT do c\u00e9rebro de superf\u00edcie saud\u00e1vel \u00e0 esquerda mostra atividade completa e at\u00e9 sim\u00e9trica. Na imagem do c\u00e9rebro \u00e0 direita, h\u00e1 baixa atividade e danos (possivelmente de uma les\u00e3o na cabe\u00e7a) nos lobos frontal e temporal esquerdos.<br \/>Isso pode estar associado a problemas relacionados \u00e0 mem\u00f3ria, humor, aprendizado e muito mais, que, quando n\u00e3o otimizados, podem afetar negativamente o desempenho na escola, no trabalho e no atletismo.\t\t<\/p>\n<h2>Quer saber mais? Fale connosco<\/h2>\n<p style=\"color: white; font-size: 18 pt;\">geral@lugarseguro.pt<\/p>\n<p style=\"color: white; font-size: 18 pt;\">223 267 608 \/ 915 100 103<br \/>\n\t\t\t<a href=\"https:\/\/www.lugarseguro.pt\/web\/contactos\"><br \/>\n\t\t\t\t\t\tMarcar consulta<br \/>\n\t\t\t\t\t<\/a><\/p>\n<h2>5 tipos prim\u00e1rios de c\u00e9rebro<\/h2>\n<p style=\"color: black; font-size: 14 pt; line-height: 1.5; font-family: open sans;\">\nIdentificamos 16 tipos de c\u00e9rebro, incluindo 5 tipos prim\u00e1rios de c\u00e9rebro e 11 tipos de combina\u00e7\u00e3o. Abaixo est\u00e3o as descri\u00e7\u00f5es dos 5 tipos principais.<br \/>\n\t\t\t\t\t\t\t\t\t\t\t\t<a tabindex=\"0\">Tipo 1: C\u00e9rebro Equilibrado<\/a><\/p>\n<ul>\n<li style=\"color: black; font-size: 14 pt; line-height: 1.5; font-family: open sans;\"><strong>Descobertas cerebrais:<\/strong> Quando o c\u00e9rebro mostra um fluxo sangu\u00edneo completo, uniforme e sim\u00e9trico na maioria das \u00e1reas, chamamos de equilibrado.<\/li>\n<li style=\"color: black; font-size: 14 pt; line-height: 1.5; font-family: open sans;\"><strong>Estilo de trabalho:<\/strong> Se voc\u00ea tem o tipo de c\u00e9rebro equilibrado, tende a fazer o que diz que vai fazer. \u00c9 pontual e cumpre as tarefas que promete realizar. Normalmente, n\u00e3o gosta de correr grandes riscos. Em geral, gosta de regras e tende a segui-las.<\/li>\n<li style=\"color: black; font-size: 14 pt; line-height: 1.5; font-family: open sans;\"><strong>Profiss\u00f5es comuns:<\/strong> Pessoas com o tipo de c\u00e9rebro equilibrado provavelmente n\u00e3o ser\u00e3o empreendedores ou disruptores da ind\u00fastria. S\u00e3o mais propensos a tornarem-se gerentes eficazes.<\/li>\n<li style=\"color: black; font-size: 14 pt; line-height: 1.5; font-family: open sans;\"><strong>Poss\u00edveis problemas de sa\u00fade mental:<\/strong> Este tipo de c\u00e9rebro tende a ser saud\u00e1vel.<\/li>\n<li style=\"color: black; font-size: 14 pt; line-height: 1.5; font-family: open sans;\"><strong>B\u00f3nus de otimiza\u00e7\u00e3o:<\/strong> Aumente a capacidade intelectual para n\u00edveis ainda mais altos para desempenho m\u00e1ximo em todas as \u00e1reas de sua carreira ou neg\u00f3cios.<\/li>\n<\/ul>\n<p>\t\t\t\t\t\t\t\t\t\t\t\t<a tabindex=\"0\">Tipo 2: C\u00e9rebro Espont\u00e2neo<\/a><\/p>\n<ul>\n<li style=\"color: black; font-size: 14 pt; line-height: 1.5; font-family: open sans;\">Descobertas do c\u00e9rebro: Se a parte frontal do seu c\u00e9rebro \u00e9 mais baixa em atividade em compara\u00e7\u00e3o com os outros, \u00e9 mais prov\u00e1vel que voc\u00ea seja impulsivo e espont\u00e2neo.<\/li>\n<li style=\"color: black; font-size: 14 pt; line-height: 1.5; font-family: open sans;\"><strong>Estilo de trabalho:<\/strong> nos neg\u00f3cios, isso significa que tende a ser criativo, arriscar e pensar fora da caixa. Pessoas com o tipo de c\u00e9rebro espont\u00e2neo tamb\u00e9m tendem a ser impulsivas, lutam com a organiza\u00e7\u00e3o, muitas vezes est\u00e3o atrasadas ou com pressa para reuni\u00f5es e s\u00e3o propensas a perder prazos.<\/li>\n<li style=\"color: black; font-size: 14 pt; line-height: 1.5; font-family: open sans;\"><strong>Profiss\u00f5es comuns:<\/strong> O tipo de c\u00e9rebro espont\u00e2neo \u00e9 muito comum entre empres\u00e1rios, artistas, pol\u00edticos e corretores de im\u00f3veis.<\/li>\n<li style=\"color: black; font-size: 14 pt; line-height: 1.5; font-family: open sans;\"><strong>Poss\u00edveis problemas de sa\u00fade mental:<\/strong> Pessoas com o tipo cerebral espont\u00e2neo s\u00e3o mais vulner\u00e1veis a TDA\/TDAH, abuso de subst\u00e2ncias e depress\u00e3o.<\/li>\n<li style=\"color: black; font-size: 14 pt; line-height: 1.5; font-family: open sans;\"><strong>B\u00f3nus de otimiza\u00e7\u00e3o:<\/strong> assuma riscos mais inteligentes e aproveite os seus esfor\u00e7os para que possa seguir com mais efici\u00eancia as suas ideias criativas.<\/li>\n<\/ul>\n<p>\t\t\t\t\t\t\t\t\t\t\t\t<a tabindex=\"0\">Tipo 3: C\u00e9rebro Persistente<\/a><\/p>\n<ul>\n<li style=\"color: black; font-size: 14 pt; line-height: 1.5; font-family: open sans;\"><strong>Descobertas do c\u00e9rebro:<\/strong> Se a parte frontal do seu c\u00e9rebro \u00e9 muito mais ativa do que a m\u00e9dia, especialmente numa \u00e1rea chamada giro cingulado anterior, tende a preocupar-se e ser mais persistente.<\/li>\n<li style=\"color: black; font-size: 14 pt; line-height: 1.5; font-family: open sans;\"><strong>Estilo de trabalho:<\/strong> As pessoas com esse tipo geralmente s\u00e3o pessoas respons\u00e1veis que n\u00e3o aceitam um n\u00e3o como resposta. Tende a ser tenaz e teimoso. Al\u00e9m disso, pode preocupar-se, ter problemas para dormir, ser argumentativo e opositor e guardar rancor do passado. Pode ter problemas para mudar as indica\u00e7\u00f5es de um projeto para outro ou mudar de dire\u00e7\u00e3o para ajudar a sua empresa a permanecer relevante num mercado fluido.<\/li>\n<li style=\"color: black; font-size: 14 pt; line-height: 1.5; font-family: open sans;\"><strong>Profiss\u00f5es comuns:<\/strong> O tipo de c\u00e9rebro persistente \u00e9 comum entre diretores de opera\u00e7\u00f5es, gerentes de projeto e engenheiros da web.<\/li>\n<li style=\"color: black; font-size: 14 pt; line-height: 1.5; font-family: open sans;\"><strong>Poss\u00edveis problemas de sa\u00fade mental:<\/strong> Pessoas com esse tipo de c\u00e9rebro s\u00e3o mais vulner\u00e1veis ao transtorno obsessivo compulsivo.<\/li>\n<li style=\"color: black; font-size: 14 pt; line-height: 1.5; font-family: open sans;\"><strong>B\u00f3nus de otimiza\u00e7\u00e3o:<\/strong> capitalize o seu estilo de assumir o controle enquanto desenvolve maior flexibilidade para que possa seguir o fluxo e fazer mudan\u00e7as r\u00e1pidas na carreira ou nos neg\u00f3cios nos momentos mais oportunos.<\/li>\n<\/ul>\n<p>\t\t\t\t\t\t\t\t\t\t\t\t<a tabindex=\"0\">Tipo 4: C\u00e9rebro Sens\u00edvel<\/a><\/p>\n<ul>\n<li style=\"color: black; font-size: 14 pt; line-height: 1.5; font-family: open sans;\"><strong>Descobertas cerebrais:<\/strong> Se o seu c\u00e9rebro emocional ou l\u00edmbico \u00e9 mais ativo do que a m\u00e9dia, tende a ser mais vulner\u00e1vel \u00e0 tristeza e a ser mais sens\u00edvel.<\/li>\n<li style=\"color: black; font-size: 14 pt; line-height: 1.5; font-family: open sans;\"><strong>Estilo de trabalho:<\/strong> Pessoas com esse tipo tendem a ser profundamente sentimentais e emp\u00e1ticas, o que \u00e9 um benef\u00edcio em muitas profiss\u00f5es. No entanto, tamb\u00e9m pode ser mais propenso ao pessimismo e lutar com pensamentos negativos que podem impedi-lo de acreditar na sua capacidade de chegar ao pr\u00f3ximo n\u00edvel de sucesso.<\/li>\n<li style=\"color: black; font-size: 14 pt; line-height: 1.5; font-family: open sans;\"><strong>Profiss\u00f5es comuns:<\/strong> O tipo de c\u00e9rebro sens\u00edvel \u00e9 comum entre terapeutas, profissionais de sa\u00fade, assistentes sociais, bem como tipos criativos.<\/li>\n<li style=\"color: black; font-size: 14 pt; line-height: 1.5; font-family: open sans;\"><strong>Poss\u00edveis problemas de sa\u00fade mental:<\/strong> Este tipo de c\u00e9rebro \u00e9 mais propenso a depress\u00e3o, transtornos de humor e depend\u00eancia.<\/li>\n<li style=\"color: black; font-size: 14 pt; line-height: 1.5; font-family: open sans;\"><strong>B\u00f3nus de otimiza\u00e7\u00e3o: <\/strong>imagine o quanto poderia ser mais eficaz se pudesse libertar-se dos padr\u00f5es de pensamento negativo e adotar uma atitude positiva.<\/li>\n<\/ul>\n<p>\t\t\t\t\t\t\t\t\t\t\t\t<a tabindex=\"0\">Tipo 5: C\u00e9rebro Cauteloso<\/a><\/p>\n<ul>\n<li style=\"color: black; font-size: 14 pt; line-height: 1.5; font-family: open sans;\"><strong>Descobertas cerebrais:<\/strong> Se a sua am\u00edgdala e g\u00e2nglios basais s\u00e3o mais ativos que a m\u00e9dia, tende a ser mais ansioso e cauteloso.<\/li>\n<li style=\"color: black; font-size: 14 pt; line-height: 1.5; font-family: open sans;\"><strong>Estilo de trabalho:<\/strong> Pessoas com o tipo de c\u00e9rebro cauteloso tendem a ser preparadas, motivadas e avessas ao risco. \u00c9 do tipo que chega 5 minutos mais cedo para as reuni\u00f5es, tende a ter a mente ocupada e tem problemas para relaxar.<\/li>\n<li style=\"color: black; font-size: 14 pt; line-height: 1.5; font-family: open sans;\"><strong>Profiss\u00f5es comuns:<\/strong> o tipo de c\u00e9rebro cauteloso \u00e9 comum entre contabilistas, pesquisadores e analistas de dados.<\/li>\n<li style=\"color: black; font-size: 14 pt; line-height: 1.5; font-family: open sans;\"><strong>Poss\u00edveis problemas de sa\u00fade mental:<\/strong> Este tipo de c\u00e9rebro tem uma vulnerabilidade para ansiedade.<\/li>\n<li style=\"color: black; font-size: 14 pt; line-height: 1.5; font-family: open sans;\"><strong>B\u00f3nus de otimiza\u00e7\u00e3o:<\/strong> quando se liberta de tend\u00eancias ansiosas, para de pensar no medo do fracasso e abre-se para maiores aventuras.<\/li>\n<\/ul>\n<p style=\"color: white; font-size: 20pt; line-height: 1.5;\">Venha conhecer-nos!<br \/>\nPodemos ajud\u00e1-lo a reencontrar o equil\u00edbrio que deseja!<\/p>\n<p style=\"color: #095c57; font-size: 20pt; line-height: 1.5;\"><strong>Esperamos por Si\u2026com o Sorriso de Sempre!<\/strong><\/p>\n<p>\t\t\t<a href=\"https:\/\/www.lugarseguro.pt\/web\/contactos\"><br \/>\n\t\t\t\t\t\tMarcar Consulta<br \/>\n\t\t\t\t\t<\/a><\/p>\n","protected":false},"excerpt":{"rendered":"<p style=\"color: white; font-size: 18pt; line-height: 1.5\"><strong>Ao contr\u00e1rio da psicologia e psiquiatria tradicional, que raramente analisa o c\u00e9rebro, a cl\u00ednica Lugar Seguro, usa instrumentos de avalia\u00e7\u00e3o para identificar padr\u00f5es cerebrais que podem estar a impedir de atingir o seu desempenho m\u00e1ximo.<\/p>\n","protected":false},"author":3,"featured_media":4515,"parent":0,"menu_order":0,"comment_status":"closed","ping_status":"closed","template":"","meta":{"footnotes":""},"class_list":["post-4513","page","type-page","status-publish","has-post-thumbnail","hentry"],"_links":{"self":[{"href":"https:\/\/www.lugarseguro.pt\/web\/wp-json\/wp\/v2\/pages\/4513","targetHints":{"allow":["GET"]}}],"collection":[{"href":"https:\/\/www.lugarseguro.pt\/web\/wp-json\/wp\/v2\/pages"}],"about":[{"href":"https:\/\/www.lugarseguro.pt\/web\/wp-json\/wp\/v2\/types\/page"}],"author":[{"embeddable":true,"href":"https:\/\/www.lugarseguro.pt\/web\/wp-json\/wp\/v2\/users\/3"}],"replies":[{"embeddable":true,"href":"https:\/\/www.lugarseguro.pt\/web\/wp-json\/wp\/v2\/comments?post=4513"}],"version-history":[{"count":41,"href":"https:\/\/www.lugarseguro.pt\/web\/wp-json\/wp\/v2\/pages\/4513\/revisions"}],"predecessor-version":[{"id":8694,"href":"https:\/\/www.lugarseguro.pt\/web\/wp-json\/wp\/v2\/pages\/4513\/revisions\/8694"}],"wp:featuredmedia":[{"embeddable":true,"href":"https:\/\/www.lugarseguro.pt\/web\/wp-json\/wp\/v2\/media\/4515"}],"wp:attachment":[{"href":"https:\/\/www.lugarseguro.pt\/web\/wp-json\/wp\/v2\/media?parent=4513"}],"curies":[{"name":"wp","href":"https:\/\/api.w.org\/{rel}","templated":true}]}}