{"id":1396,"date":"2021-07-20T12:40:41","date_gmt":"2021-07-20T12:40:41","guid":{"rendered":"https:\/\/www.lugarseguro.pt\/web\/?page_id=1396"},"modified":"2024-08-26T14:50:44","modified_gmt":"2024-08-26T14:50:44","slug":"contactos","status":"publish","type":"page","link":"https:\/\/www.lugarseguro.pt\/web\/contactos\/","title":{"rendered":"Contactos"},"content":{"rendered":"<h2>A nossa equipa est\u00e1 aqui para o ajudar. Fale connosco!<\/h2>\n<h2>Esperamos por si&#8230;com o sorriso de Sempre!<\/h2>\n<p>\t\t[contact-form-7 id=&#8221;ed98798&#8243; title=&#8221;Formul\u00e1rio de contacto 1&#8243;]\t\t<\/p>\n<p style=\"color: black; font-size: 16pt; line-height: 1.5;\"><strong>CL\u00cdNICA DO PORTO<\/strong><br \/>Rua J\u00falio Dinis N 748, 3 Andar Sala 311 Parque It\u00e1lia<br \/>4050-012 Porto<\/p>\n<p style=\"color: black; font-size: 16pt; line-height: 1.5;\"><strong>CL\u00cdNICA DE PAREDES<br \/><\/strong>Rua do Calv\u00e1rio n\u00ba 11, 2\u00ba andar &#8211; consult\u00f3rio 9 (traseiras do tribunal) 4580-057 Castel\u00f5es de Cep\u00eada &#8211; Paredes<\/p>\n<p style=\"color: black; font-size: 16pt; line-height: 1.5;\"><strong>Email:<\/strong> geral@lugarseguro.pt<\/p>\n<p style=\"color: black; font-size: 16pt; line-height: 1.5;\"><strong>Tlm:<\/strong> +351 915 100 103<\/p>\n<p style=\"color: black; font-size: 16pt; line-height: 1.5;\">(Chamada para a rede m\u00f3vel nacional)<\/p>\n<p>\t\t\t<iframe loading=\"lazy\"\n\t\t\t\t\tsrc=\"https:\/\/maps.google.com\/maps?q=Rua%20de%20J%C3%BAlio%20Dinis%20748%203%20Andar%20Sala%20311%2C%204050-012%20Porto&#038;t=m&#038;z=12&#038;output=embed&#038;iwloc=near\"\n\t\t\t\t\ttitle=\"Rua de J\u00falio Dinis 748 3 Andar Sala 311, 4050-012 Porto\"\n\t\t\t\t\taria-label=\"Rua de J\u00falio Dinis 748 3 Andar Sala 311, 4050-012 Porto\"\n\t\t\t><\/iframe><\/p>\n","protected":false},"excerpt":{"rendered":"<p>A nossa equipa est\u00e1 aqui para o ajudar. Fale connosco! Esperamos por si&#8230;com o sorriso de Sempre! [contact-form-7 id=&#8221;ed98798&#8243; title=&#8221;Formul\u00e1rio de contacto 1&#8243;] CL\u00cdNICA DO PORTORua J\u00falio Dinis N 748, &#8230;<\/p>\n","protected":false},"author":3,"featured_media":1408,"parent":0,"menu_order":0,"comment_status":"closed","ping_status":"closed","template":"template-fullwidth-stretched.php","meta":{"footnotes":""},"class_list":["post-1396","page","type-page","status-publish","has-post-thumbnail","hentry"],"_links":{"self":[{"href":"https:\/\/www.lugarseguro.pt\/web\/wp-json\/wp\/v2\/pages\/1396","targetHints":{"allow":["GET"]}}],"collection":[{"href":"https:\/\/www.lugarseguro.pt\/web\/wp-json\/wp\/v2\/pages"}],"about":[{"href":"https:\/\/www.lugarseguro.pt\/web\/wp-json\/wp\/v2\/types\/page"}],"author":[{"embeddable":true,"href":"https:\/\/www.lugarseguro.pt\/web\/wp-json\/wp\/v2\/users\/3"}],"replies":[{"embeddable":true,"href":"https:\/\/www.lugarseguro.pt\/web\/wp-json\/wp\/v2\/comments?post=1396"}],"version-history":[{"count":141,"href":"https:\/\/www.lugarseguro.pt\/web\/wp-json\/wp\/v2\/pages\/1396\/revisions"}],"predecessor-version":[{"id":8761,"href":"https:\/\/www.lugarseguro.pt\/web\/wp-json\/wp\/v2\/pages\/1396\/revisions\/8761"}],"wp:featuredmedia":[{"embeddable":true,"href":"https:\/\/www.lugarseguro.pt\/web\/wp-json\/wp\/v2\/media\/1408"}],"wp:attachment":[{"href":"https:\/\/www.lugarseguro.pt\/web\/wp-json\/wp\/v2\/media?parent=1396"}],"curies":[{"name":"wp","href":"https:\/\/api.w.org\/{rel}","templated":true}]}}